{"version":"1.0","provider_name":"Guin\u00e9e Diversit\u00e9","provider_url":"https:\/\/guineediversite.com","author_name":"Guin\u00e9e Diversit\u00e9","author_url":"https:\/\/guineediversite.com\/index.php\/author\/guineediversite\/","title":"La mode guin\u00e9enne bient\u00f4t sous les projecteurs | Guin\u00e9e Diversit\u00e9","type":"rich","width":600,"height":338,"html":"<blockquote class=\"wp-embedded-content\" data-secret=\"rhyJXKjFIv\"><a href=\"https:\/\/guineediversite.com\/index.php\/2017\/04\/16\/la-mode-guineenne-bientot-sous-les-projecteurs\/\">La mode guin\u00e9enne bient\u00f4t sous les projecteurs<\/a><\/blockquote><iframe sandbox=\"allow-scripts\" security=\"restricted\" src=\"https:\/\/guineediversite.com\/index.php\/2017\/04\/16\/la-mode-guineenne-bientot-sous-les-projecteurs\/embed\/#?secret=rhyJXKjFIv\" width=\"600\" height=\"338\" title=\"\u00ab\u00a0La mode guin\u00e9enne bient\u00f4t sous les projecteurs\u00a0\u00bb &#8212; Guin\u00e9e Diversit\u00e9\" data-secret=\"rhyJXKjFIv\" frameborder=\"0\" marginwidth=\"0\" marginheight=\"0\" scrolling=\"no\" class=\"wp-embedded-content\"><\/iframe><script type=\"text\/javascript\">\n\/* <![CDATA[ *\/\n\/*! This file is auto-generated *\/\n!function(d,l){\"use strict\";l.querySelector&&d.addEventListener&&\"undefined\"!=typeof URL&&(d.wp=d.wp||{},d.wp.receiveEmbedMessage||(d.wp.receiveEmbedMessage=function(e){var t=e.data;if((t||t.secret||t.message||t.value)&&!\/[^a-zA-Z0-9]\/.test(t.secret)){for(var s,r,n,a=l.querySelectorAll('iframe[data-secret=\"'+t.secret+'\"]'),o=l.querySelectorAll('blockquote[data-secret=\"'+t.secret+'\"]'),c=new RegExp(\"^https?:$\",\"i\"),i=0;i<o.length;i++)o[i].style.display=\"none\";for(i=0;i<a.length;i++)s=a[i],e.source===s.contentWindow&&(s.removeAttribute(\"style\"),\"height\"===t.message?(1e3<(r=parseInt(t.value,10))?r=1e3:~~r<200&&(r=200),s.height=r):\"link\"===t.message&&(r=new URL(s.getAttribute(\"src\")),n=new URL(t.value),c.test(n.protocol))&&n.host===r.host&&l.activeElement===s&&(d.top.location.href=t.value))}},d.addEventListener(\"message\",d.wp.receiveEmbedMessage,!1),l.addEventListener(\"DOMContentLoaded\",function(){for(var e,t,s=l.querySelectorAll(\"iframe.wp-embedded-content\"),r=0;r<s.length;r++)(t=(e=s[r]).getAttribute(\"data-secret\"))||(t=Math.random().toString(36).substring(2,12),e.src+=\"#?secret=\"+t,e.setAttribute(\"data-secret\",t)),e.contentWindow.postMessage({message:\"ready\",secret:t},\"*\")},!1)))}(window,document);\n\/* ]]> *\/\n<\/script>\n","description":"Conakry s&rsquo;appr&ecirc;te pour c&eacute;l&eacute;brer la 3e &eacute;dition du Festival International de la Mode guin&eacute;enne, pr&eacute;vu du 8 au 12 mai prochain sur l&rsquo;esplanade du stade de 28 septembre. Ce vendredi, 14 avril, l&rsquo;initiateur de ce festival, le styliste &lsquo;&rsquo;Alpha O&rsquo;&rsquo; &eacute;tait devant les m&eacute;dias &agrave; Conakry pour leur parler de cette 3e &eacute;dition. Dans son [&hellip;]"}

Guinée Diversité

La mode guinéenne bientôt sous les projecteurs | Guinée Diversité

<blockquote class="wp-embedded-content" data-secret="rhyJXKjFIv"><a href="https://guineediversite.com/index.php/2017/04/16/la-mode-guineenne-bientot-sous-les-projecteurs/">La mode guinéenne bientôt sous les projecteurs</a></blockquote><iframe sandbox="allow-scripts" security="restricted" src="https://guineediversite.com/index.php/2017/04/16/la-mode-guineenne-bientot-sous-les-projecteurs/embed/#?secret=rhyJXKjFIv" width="600" height="338" title="« La mode guinéenne bientôt sous les projecteurs » &#8212; Guinée Diversité" data-secret="rhyJXKjFIv" frameborder="0" marginwidth="0" marginheight="0" scrolling="no" class="wp-embedded-content"></iframe><script type="text/javascript">
/* <![CDATA[ */
/*! This file is auto-generated */
!function(d,l){"use strict";l.querySelector&&d.addEventListener&&"undefined"!=typeof URL&&(d.wp=d.wp||{},d.wp.receiveEmbedMessage||(d.wp.receiveEmbedMessage=function(e){var t=e.data;if((t||t.secret||t.message||t.value)&&!/[^a-zA-Z0-9]/.test(t.secret)){for(var s,r,n,a=l.querySelectorAll('iframe[data-secret="'+t.secret+'"]'),o=l.querySelectorAll('blockquote[data-secret="'+t.secret+'"]'),c=new RegExp("^https?:$","i"),i=0;i<o.length;i++)o[i].style.display="none";for(i=0;i<a.length;i++)s=a[i],e.source===s.contentWindow&&(s.removeAttribute("style"),"height"===t.message?(1e3<(r=parseInt(t.value,10))?r=1e3:~~r<200&&(r=200),s.height=r):"link"===t.message&&(r=new URL(s.getAttribute("src")),n=new URL(t.value),c.test(n.protocol))&&n.host===r.host&&l.activeElement===s&&(d.top.location.href=t.value))}},d.addEventListener("message",d.wp.receiveEmbedMessage,!1),l.addEventListener("DOMContentLoaded",function(){for(var e,t,s=l.querySelectorAll("iframe.wp-embedded-content"),r=0;r<s.length;r++)(t=(e=s[r]).getAttribute("data-secret"))||(t=Math.random().toString(36).substring(2,12),e.src+="#?secret="+t,e.setAttribute("data-secret",t)),e.contentWindow.postMessage({message:"ready",secret:t},"*")},!1)))}(window,document);
/* ]]> */
</script>
