{"version":"1.0","provider_name":"Guin\u00e9e Diversit\u00e9","provider_url":"https:\/\/guineediversite.com","author_name":"Guin\u00e9e Diversit\u00e9","author_url":"https:\/\/guineediversite.com\/index.php\/author\/guineediversite\/","title":"L'ambassadeur des \u00c9tats Unis, en visite \u00e0 T\u00e9lim\u00e9l\u00e9 | Guin\u00e9e Diversit\u00e9","type":"rich","width":600,"height":338,"html":"<blockquote class=\"wp-embedded-content\" data-secret=\"taE1rI2naA\"><a href=\"https:\/\/guineediversite.com\/index.php\/2013\/12\/31\/lambassadeur-des-etats-unis-en-visite-a-telimele\/\">L&rsquo;ambassadeur des \u00c9tats Unis, en visite \u00e0 T\u00e9lim\u00e9l\u00e9<\/a><\/blockquote><iframe sandbox=\"allow-scripts\" security=\"restricted\" src=\"https:\/\/guineediversite.com\/index.php\/2013\/12\/31\/lambassadeur-des-etats-unis-en-visite-a-telimele\/embed\/#?secret=taE1rI2naA\" width=\"600\" height=\"338\" title=\"\u00ab\u00a0L&rsquo;ambassadeur des \u00c9tats Unis, en visite \u00e0 T\u00e9lim\u00e9l\u00e9\u00a0\u00bb &#8212; Guin\u00e9e Diversit\u00e9\" data-secret=\"taE1rI2naA\" frameborder=\"0\" marginwidth=\"0\" marginheight=\"0\" scrolling=\"no\" class=\"wp-embedded-content\"><\/iframe><script type=\"text\/javascript\">\n\/* <![CDATA[ *\/\n\/*! This file is auto-generated *\/\n!function(d,l){\"use strict\";l.querySelector&&d.addEventListener&&\"undefined\"!=typeof URL&&(d.wp=d.wp||{},d.wp.receiveEmbedMessage||(d.wp.receiveEmbedMessage=function(e){var t=e.data;if((t||t.secret||t.message||t.value)&&!\/[^a-zA-Z0-9]\/.test(t.secret)){for(var s,r,n,a=l.querySelectorAll('iframe[data-secret=\"'+t.secret+'\"]'),o=l.querySelectorAll('blockquote[data-secret=\"'+t.secret+'\"]'),c=new RegExp(\"^https?:$\",\"i\"),i=0;i<o.length;i++)o[i].style.display=\"none\";for(i=0;i<a.length;i++)s=a[i],e.source===s.contentWindow&&(s.removeAttribute(\"style\"),\"height\"===t.message?(1e3<(r=parseInt(t.value,10))?r=1e3:~~r<200&&(r=200),s.height=r):\"link\"===t.message&&(r=new URL(s.getAttribute(\"src\")),n=new URL(t.value),c.test(n.protocol))&&n.host===r.host&&l.activeElement===s&&(d.top.location.href=t.value))}},d.addEventListener(\"message\",d.wp.receiveEmbedMessage,!1),l.addEventListener(\"DOMContentLoaded\",function(){for(var e,t,s=l.querySelectorAll(\"iframe.wp-embedded-content\"),r=0;r<s.length;r++)(t=(e=s[r]).getAttribute(\"data-secret\"))||(t=Math.random().toString(36).substring(2,12),e.src+=\"#?secret=\"+t,e.setAttribute(\"data-secret\",t)),e.contentWindow.postMessage({message:\"ready\",secret:t},\"*\")},!1)))}(window,document);\n\/* ]]> *\/\n<\/script>\n","description":"Situ\u00e9e \u00e0 272 km de Conakry, la pr\u00e9fecture de T\u00e9lim\u00e9l\u00e9 est confront\u00e9e depuis l\u2019ind\u00e9pendance, \u00e0 de probl\u00e8mes de d\u00e9veloppement de base. La pr\u00e9fecture est abandonn\u00e9e par tous les r\u00e9gimes qui ce sont succ\u00e9d\u00e9s au pouvoir depuis 1958. Mais le probl\u00e8me le plus pr\u00e9occupant reste et demeure la route nationale Kindia-T\u00e9lim\u00e9l\u00e9. Un v\u00e9ritable calvaire pour les [&hellip;]"}

Guinée Diversité

L'ambassadeur des États Unis, en visite à Télimélé | Guinée Diversité

<blockquote class="wp-embedded-content" data-secret="taE1rI2naA"><a href="https://guineediversite.com/index.php/2013/12/31/lambassadeur-des-etats-unis-en-visite-a-telimele/">L&rsquo;ambassadeur des États Unis, en visite à Télimélé</a></blockquote><iframe sandbox="allow-scripts" security="restricted" src="https://guineediversite.com/index.php/2013/12/31/lambassadeur-des-etats-unis-en-visite-a-telimele/embed/#?secret=taE1rI2naA" width="600" height="338" title="« L&rsquo;ambassadeur des États Unis, en visite à Télimélé » &#8212; Guinée Diversité" data-secret="taE1rI2naA" frameborder="0" marginwidth="0" marginheight="0" scrolling="no" class="wp-embedded-content"></iframe><script type="text/javascript">
/* <![CDATA[ */
/*! This file is auto-generated */
!function(d,l){"use strict";l.querySelector&&d.addEventListener&&"undefined"!=typeof URL&&(d.wp=d.wp||{},d.wp.receiveEmbedMessage||(d.wp.receiveEmbedMessage=function(e){var t=e.data;if((t||t.secret||t.message||t.value)&&!/[^a-zA-Z0-9]/.test(t.secret)){for(var s,r,n,a=l.querySelectorAll('iframe[data-secret="'+t.secret+'"]'),o=l.querySelectorAll('blockquote[data-secret="'+t.secret+'"]'),c=new RegExp("^https?:$","i"),i=0;i<o.length;i++)o[i].style.display="none";for(i=0;i<a.length;i++)s=a[i],e.source===s.contentWindow&&(s.removeAttribute("style"),"height"===t.message?(1e3<(r=parseInt(t.value,10))?r=1e3:~~r<200&&(r=200),s.height=r):"link"===t.message&&(r=new URL(s.getAttribute("src")),n=new URL(t.value),c.test(n.protocol))&&n.host===r.host&&l.activeElement===s&&(d.top.location.href=t.value))}},d.addEventListener("message",d.wp.receiveEmbedMessage,!1),l.addEventListener("DOMContentLoaded",function(){for(var e,t,s=l.querySelectorAll("iframe.wp-embedded-content"),r=0;r<s.length;r++)(t=(e=s[r]).getAttribute("data-secret"))||(t=Math.random().toString(36).substring(2,12),e.src+="#?secret="+t,e.setAttribute("data-secret",t)),e.contentWindow.postMessage({message:"ready",secret:t},"*")},!1)))}(window,document);
/* ]]> */
</script>

Située à 272 km de Conakry, la préfecture de Télimélé est confrontée depuis l’indépendance, à de problèmes de développement de base. La préfecture est abandonnée par tous les régimes qui ce sont succédés au pouvoir depuis 1958. Mais le problème le plus préoccupant reste et demeure la route nationale Kindia-Télimélé. Un véritable calvaire pour les [&hellip;]
